. Let j = 4826 - 4820. Calculate l(j).
54
Suppose -98*x = -10*x + 440. Let g(o) = -o**3 - 7*o**2 - 3*o + 19. What is g(x)?
-16
Let c(w) = -w**2 - w - w**3 + 8 + 8*w - 4*w**2. Suppose -1 = q - 5*i, 3*q + 21462 = -5*i + 21439. Determine c(q).
2
Suppose 4*v - 7 = -s, -8 = 2*v - 2*s - 4. Let k(i) = 4*i**3 - 9 + 6 - 6*i**2 - 3*i**3 - v. Determine k(6).
-4
Let k(p) be the first derivative of -p**4/4 - 2*p**3/3 - p**2 - 15. Let q = -164 - -168. Suppose 30 = -19*y + q*y. Determine k(y).
4
Let g(u) = -u - 9. Let m(p) = 2*p**2 + 22*p - 22. Let k be m(-12). Suppose 5*t - k*f = 160, -5*t + t = f - 115. Let s = 22 - t. Calculate g(s).
-1
Let j(u) = -u**3 - 10*u**2 + u + 5. Let l be 7 - 5 - (-3 + 1 - 22). Suppose 5*k - 2*x - 66 = 2*x, k - 4*x = l. Suppose 7*g = 8*g + k. What is j(g)?
-5
Let f be 12/36 - 290/6. Let c = f - -48. Suppose -5*l + 15 = -5*g, 0 = -2*g - c*g + 3*l - 3. Let a(o) = 2*o + 8. Give a(g).
-4
Let a(y) be the first derivative of -y**3/3 - 3*y**2 + 34*y - 446. Calculate a(-10).
-6
Let j(y) = -2*y - 8. Suppose 0 = 16*k - 384 + 480. Calculate j(k).
4
Let p = 115 - 121. Let l(n) = -5*n + 1207*n**2 - 601*n**2 - 600*n**2 + n**3 - 4. Determine l(p).
26
Let m(l) be the second derivative of 4*l**3/3 + 55*l**2/2 - 2*l - 356. Calculate m(-9).
-17
Let p(g) be the third derivative of g**6/120 + 7*g**5/60 - 3*g**4/8 - 5*g**3/3 - 30*g**2. Suppose -25 - 191 = 27*i. Calculate p(i).
-2
Suppose 4*j = 5*p + 29, -j + 17 = 2*j + p. Let v be j/(-33) - 106/22. Let h(w) = -1 + 5*w - w - 2*w. Determine h(v).
-11
Suppose 2*y - 6 = 16. Suppose -11 = 3*v - y. Let n be (1/(-2))/((-16)/(-192)) + v. Let l(g) = -g - 7. Determine l(n).
-1
Let m(r) = -57*r + 78. Let j(a) = 23*a - 31. Let f(q) = -12*j(q) - 5*m(q). Determine f(7).
45
Let n(s) = s**2 - 2*s - 27. Let u be n(7). Suppose 3*v = -o + 29, u*o = v + 11*o + 1. Let j(p) = -p**3 + 12*p**2 - 10*p - 16. What is j(v)?
-5
Suppose -21*g = -5*t - 17*g - 3, 5*t + 3*g = -24. Let f(l) be the third derivative of 8*l**2 + 0*l**3 - 1/24*l**4 + 0 + 0*l. Calculate f(t).
3
Let j = 196 + -193. Suppose j*d = -5*k - 34, -33 = 5*d - 5*k - 3. Let v(y) = -y**2 - 6*y + 15. Determine v(d).
-1
Let a(b) = -b**2 - 31*b + 31. Let d = -421 + 389. What is a(d)?
-1
Let r = -413 - -456. Let v(n) = -r + 23 + n + 19. Let d be 1 - ((-2 - 0) + 0). Determine v(d).
2
Let u = -615 - -622. Let k(x) = x**2 + x - 10. Calculate k(u).
46
Let i(o) = o**3 + 6*o**2 - 2*o - 1. Let w be (-4)/(-6) + (-14)/(-6). Suppose -6*f - w*f = -63. Suppose -4*u = 31 - f. Determine i(u).
11
Let n(y) be the third derivative of y**4/24 - 2*y**3/3 - 30*y**2. Suppose 53*l = 20*l + 99. Give n(l).
-1
Let n(z) = -10*z - 10. Let m(p) = -48*p - 49. Let w(a) = 6*m(a) - 29*n(a). Let h = 6 + -1. Determine w(h).
6
Let b(k) = -k**3 - 9*k**2 + 10*k + 11. Suppose 39*s = 7*t + 35*s + 75, 2*s = -t - 3. Calculate b(t).
-79
Let r(b) = -3*b**2 + 15*b - 8. Let g(h) = 2*h**2 - 14*h + 8. Let o(f) = -4*g(f) - 3*r(f). Suppose -3*c - 46 = 5*l, -l = -91*c + 93*c + 5. Determine o(l).
-8
Let j(b) = b**2 + 8*b + 10. Suppose -2*p - 4*g + 22 = 0, 7085*p + g = 7084*p + 3. Determine j(p).
-5
Let u(j) be the second derivative of -j**5/10 + j**4/12 + j**3/2 - 3*j**2/2 + j. Let v be 2*(-33)/132*-4. Determine u(v).
-9
Let f(t) = 12 - 643*t - t**3 - 20*t**2 + 0 + 1 + 543*t + 0 + 82*t. Let b = -48 - -29. Calculate f(b).
-6
Let y be (-8)/(-10) - 81312/(-160). Let v(m) = -m - y + 255 + 251. Calculate v(-13).
10
Let c(f) = 2*f + 5. Let q(h) = h + 3. Let p(x) = -12*x - 37. Let y(g) = 2*p(g) + 22*q(g). Let a(r) = -5*c(r) - 4*y(r). What is a(-5)?
17
Let k(v) = 4*v**2 + v + 1. Suppose -2*b = -w + 3, 0*b + 15 = 5*w + b. Suppose 0 = -4*m - w*h + 17, m + 13 = -0*m + 5*h. Give k(m).
19
Let p(m) be the second derivative of 6 + 0*m**3 - m + 1/2*m**2 + 1/4*m**5 - 1/12*m**4. Determine p(1).
5
Suppose 22*l - 360 + 492 = 0. Let g(t) = -t**3 - 5*t**2 - 3*t - 1. What is g(l)?
53
Let b(d) be the second derivative of 0 + 1/60*d**5 - 1/3*d**4 - 28*d - 21/2*d**2 + 1/3*d**3. Let z(t) be the first derivative of b(t). Calculate z(6).
-10
Suppose r + 2 = 0, s = 5*r + 8 + 7. Suppose 28 = 3*v - s*u, 3*v + 0*v - 4*u = 26. Let k(d) = 3*d + 2. Determine k(v).
20
Let q(u) = -u - 3. Let t be q(-2). Let l be t + 2 + (-1 - 0). Suppose -5*d = 2*r - 35, 4*r - 35 = -3*d - l*r. Let f(x) = -x**2 + 2*x + 3. What is f(d)?
-12
Let f be ((-132)/18)/(3/(-9)). Let x(d) = -d**2 + 6 + 0*d**2 - 11*d - 2*d + f. Determine x(-15).
-2
Let p(g) = g - 1. Let c(h) be the third derivative of h**4/24 - h**3/3 - 15*h**2. Let k(w) = -5*c(w) + 6*p(w). Suppose 4*d = -4*d - 24. Determine k(d).
1
Let c(a) = -20*a - 1. Suppose 0 = 17*y - 213 - 144. Let g be (-12)/y + -2*3/14. What is c(g)?
19
Let w(a) = -a**3 - 8*a**2 - 13*a - 1. Let b = -39 + 33. Let z be w(b). Let q(r) = 13 - r - 3 - z. Give q(9).
-4
Suppose -7 = -3*n - 4*x + 13, -2*n - 3*x + 15 = 0. Let h(z) be the second derivative of -30*z + 0 + 1/6*z**3 + 3*z**2. What is h(n)?
6
Let c(a) = 49*a - 103. Let s(x) = -27*x + 56. Let m(p) = 6*c(p) + 11*s(p). Let q(h) = -h**2 + 3*h + 3. Let k be q(3). Determine m(k).
-11
Let y(z) be the third derivative of z**4/6 + 7*z**3/6 - z**2. Let n = -21126 + 21123. Determine y(n).
-5
Let o(w) = 11*w**2 + 4*w + 4. Let j = -3503 + 3501. What is o(j)?
40
Let c be (-4)/(-6)*-1 + (-20)/(-3). Suppose 4*g + g = -h, -h + c = -g. Let w(k) = -2*k**2 + 10*k + 7. What is w(h)?
7
Let c(n) = 2 + n**3 - 1 - 4 + n + 4 - n**2 - 2*n. What is c(2)?
3
Let i(g) = 2*g**2 - 15*g - 28. Let z be 276/27 + 224/126 + -2. Give i(z).
22
Let k(f) = -f**3 + 26*f**2 - 51*f + 60. Let m(n) = n**2 + 74*n - 3648. Let t be m(34). Give k(t).
-12
Suppose -3*z = -216 - 78. Suppose -3*s = 82*m - 78*m + 393, 5*m + 515 = s. Let p = z + m. Let j(c) = c**2 + c + 1. Give j(p).
13
Let o(v) = v**2 + 1. Let p(i) = -4*i**2 - 10. Let k(q) = 5*o(q) + p(q). Suppose -3*r - t + 3310 = -5*t, r = 3*t + 1110. Let a = r + -1102. Give k(a).
11
Let c(k) = -k**3 - 10*k**2 - 8*k + 19. Suppose -22*m = -34*m - 108. Give c(m).
10
Let m be (-11)/5 - (1080/(-75))/(-18) - 2. Let r(s) = s**2 + 6*s - 5. Give r(m).
-10
Let l(q) = -22*q - 31. Suppose -3591*b - 15 = -3586*b. Determine l(b).
35
Suppose 0 = -r - 4 - 3. Let t be 81*(4 + 24/(-5))*-10. Let w(q) = -326*q - 321*q - 2 + t*q. Determine w(r).
-9
Let a(w) be the second derivative of -w**5/20 + 19*w**3/3 - 3*w**2 - 89*w. What is a(6)?
6
Suppose 0*s + 14 = 2*s. Let p(l) be the third derivative of l**4/6 - l**3 - 2*l**2 - 174*l - 7. Determine p(s).
22
Let a(b) be the first derivative of b**5/20 + 3*b**4/2 - 19*b**3/6 - b**2 - 72*b - 42. Let c(m) be the first derivative of a(m). Calculate c(-19).
-2
Let k(i) = -i**2 - 5*i + 26. Let n be k(5). Let g(u) = 7*u + 7. Suppose 6 = l + 9. Let c(q) = -q - 1. Let b(h) = l*g(h) + n*c(h). Determine b(-2).
-3
Let g(c) = -36*c**2 + 5616*c + 2. Let h be g(156). Let p(w) be the third derivative of -1/12*w**4 - 13*w**h + 0 + 0*w + 1/3*w**3. What is p(-3)?
8
Let a(b) = -28*b**3 - 10*b - 6. Let p be ((-18)/(-12))/(2/(-4)). Let o(v) = 9*v**3 + 3*v + 2. Let m(t) = p*a(t) - 10*o(t). What is m(-2)?
46
Let h(g) be the third derivative of -g**5/120 + g**4/12 - 74*g**3/3 + 7*g**2 + 6. Let i(n) be the first derivative of h(n). What is i(-7)?
9
Let d be (3 - 13)/((6/(-8))/(531/472)). Let c(v) = -1 + 2*v**3 - v**3 + 23 - 17*v**2 + v**2 + 14*v. Determine c(d).
7
Suppose 3*h - 11 = 2*y - 3, -4*y - 4 = 0. Let o(c) = 0*c + c - 60*c**h + 63*c**2. Determine o(-2).
10
Let k(a) be the third derivative of 1/6*a**3 - 1/30*a**5 + 1/180*a**6 + 0 - 17*a**2 + 1/8*a**4 + 0*a. Let g(l) be the first derivative of k(l). What is g(4)?
19
Suppose -5*v = 2*d - 12 + 2, 15 = 3*d - 4*v. Let x(m) = 161 - d*m**2 + 4*m**2 - 4*m - 154. What is x(-7)?
-14
Let v(d) = -d**2 - d - 5. Suppose 9 = 3*x, 60*o + 3 = 62*o - 3*x. Suppose -4*m = m + p + 4, 4 = m - p. Suppose m = -7*h + o*h. Determine v(h).
-5
Let o = -21825 + 21820. Let q(k) = -7*k - 34. Give q(o).
1
Let f(z) = -z**3 - 8*z**2 + 13*z + 61. Let r be (-4)/((-140)/90 - -2). Give f(r).
25
Let z be (-8 + 4)*5/(-20). Let x(g) be the second derivative of -5*g**3/6 + g**2/2 - 51*g. What is x(z)?
-4
Let b(s) be the third derivative of -s**4/8 + 15*s**3 - 752*s**2. Calculate b(32).
-6
Let h(w) be the second derivative of w**4/12 - 8*w**3/3 - 39*w**2 + 8313*w. Calculate h(-4)